{"id":67,"date":"2015-07-31T13:23:21","date_gmt":"2015-07-31T11:23:21","guid":{"rendered":"http:\/\/fabiankuehlein.de\/?page_id=67"},"modified":"2024-03-25T17:19:26","modified_gmt":"2024-03-25T16:19:26","slug":"uber-mich","status":"publish","type":"page","link":"https:\/\/fabiankuehlein.de\/?page_id=67","title":{"rendered":"| cv"},"content":{"rendered":"\n<p><\/p>\n\n\n<div class=\"wp-block-image\">\n<figure class=\"alignleft size-full\"><img loading=\"lazy\" decoding=\"async\" width=\"150\" height=\"150\" src=\"https:\/\/fabiankuehlein.de\/wp-content\/uploads\/2022\/01\/bildschirm_150x150.jpg\" alt=\"\" class=\"wp-image-635\"\/><\/figure>\n<\/div>\n\n\n<p>Fabian Kuehlein ist als freier Creative Producer seit 2005 in Radiostudios, auf Theaterb\u00fchnen und in Stadtr\u00e4umen unterwegs. In den letzten Jahren hat er H\u00f6rspiele und Feature f\u00fcr den \u00f6ffentlich-rechtlichen Rundfunk realisiert, f\u00fcr Theaterst\u00fccke Klangereignisse geschaffen, in Museen und \u00f6ffentlichen R\u00e4umen Audio-Installationen erdacht und verschieden Podcasts produziert (ApplausApplaus!, The Golden Record Studios ua.) Neu dazu kommen Arbeiten im Bereich Film (Themakingofblonde,2023 oder Karaoper, 2023).<br \/><br \/>Kuehlein ist zusammen mit Gesine Danckwart und Sabrina Zwach k\u00fcnstlerischer Leiter von:<\/p>\n\n\n\n<figure class=\"wp-block-image size-full is-resized\"><a href=\"https:\/\/chez-company.org\/\" target=\"_blank\" rel=\"noopener\"><img loading=\"lazy\" decoding=\"async\" width=\"688\" height=\"266\" src=\"https:\/\/fabiankuehlein.de\/wp-content\/uploads\/2022\/01\/Logo.png\" alt=\"\" class=\"wp-image-638\" style=\"width:397px;height:153px\" srcset=\"https:\/\/fabiankuehlein.de\/wp-content\/uploads\/2022\/01\/Logo.png 688w, https:\/\/fabiankuehlein.de\/wp-content\/uploads\/2022\/01\/Logo-300x116.png 300w\" sizes=\"auto, (max-width: 688px) 100vw, 688px\" \/><\/a><\/figure>\n","protected":false},"excerpt":{"rendered":"<p>Fabian Kuehlein ist als freier Creative Producer seit 2005 in Radiostudios, auf Theaterb\u00fchnen und in Stadtr\u00e4umen unterwegs. In den letzten Jahren hat er H\u00f6rspiele und Feature f\u00fcr den \u00f6ffentlich-rechtlichen Rundfunk realisiert, f\u00fcr Theaterst\u00fccke Klangereignisse geschaffen, in Museen und \u00f6ffentlichen R\u00e4umen &hellip; <a href=\"https:\/\/fabiankuehlein.de\/?page_id=67\">Weiterlesen <span class=\"meta-nav\">&rarr;<\/span><\/a><\/p>\n","protected":false},"author":1,"featured_media":0,"parent":0,"menu_order":2,"comment_status":"closed","ping_status":"closed","template":"","meta":{"footnotes":""},"class_list":["post-67","page","type-page","status-publish","hentry"],"_links":{"self":[{"href":"https:\/\/fabiankuehlein.de\/index.php?rest_route=\/wp\/v2\/pages\/67","targetHints":{"allow":["GET"]}}],"collection":[{"href":"https:\/\/fabiankuehlein.de\/index.php?rest_route=\/wp\/v2\/pages"}],"about":[{"href":"https:\/\/fabiankuehlein.de\/index.php?rest_route=\/wp\/v2\/types\/page"}],"author":[{"embeddable":true,"href":"https:\/\/fabiankuehlein.de\/index.php?rest_route=\/wp\/v2\/users\/1"}],"replies":[{"embeddable":true,"href":"https:\/\/fabiankuehlein.de\/index.php?rest_route=%2Fwp%2Fv2%2Fcomments&post=67"}],"version-history":[{"count":34,"href":"https:\/\/fabiankuehlein.de\/index.php?rest_route=\/wp\/v2\/pages\/67\/revisions"}],"predecessor-version":[{"id":709,"href":"https:\/\/fabiankuehlein.de\/index.php?rest_route=\/wp\/v2\/pages\/67\/revisions\/709"}],"wp:attachment":[{"href":"https:\/\/fabiankuehlein.de\/index.php?rest_route=%2Fwp%2Fv2%2Fmedia&parent=67"}],"curies":[{"name":"wp","href":"https:\/\/api.w.org\/{rel}","templated":true}]}}